r + 23. Give j(6).
5
Let v(o) = -25*o + 1. Give v(1).
-24
Let d(j) = -j**2 - 5*j + 1. What is d(-5)?
1
Let j(q) = q**3 - 5*q**2 - 9*q + 7. Calculate j(6).
-11
Let p(x) = -11*x**2 - 4. Calculate p(-2).
-48
Let g(p) = -2*p**3 + 11*p**2 + 20*p + 10. Calculate g(7).
3
Let a(b) = 2*b. Determine a(15).
30
Let y(c) = -11*c**2 - 285*c + 36. Calculate y(-26).
10
Let k(t) = -t**3 + 14*t**2 - 11*t + 15. Calculate k(13).
41
Let q(x) = -x**3 + 12*x**2 - 3*x - 4. Calculate q(12).
-40
Let d(t) = -13*t + 33. What is d(4)?
-19
Let l(a) = 6*a**2 - 1. Calculate l(1).
5
Let a(x) = -x**3 - 17*x**2 + 41*x + 47. What is a(-19)?
-10
Let f(w) = w + 3. What is f(9)?
12
Let x(m) = m**3 + 11*m**2 - 2*m - 11. What is x(-11)?
11
Let p(t) = t**2 - 3*t - 13. Give p(9).
41
Let r(d) = -d**2 - 8*d - 20. Give r(-2).
-8
Let k(w) = w**3 + 35*w**2 + 96*w - 12. Give k(-32).
-12
Let p(z) = -z**3 + 20*z**2 - 38*z + 43. Calculate p(18).
7
Let y(g) = -4*g - 87. Give y(-22).
1
Let n(s) = s**2 + 11*s + 21. Calculate n(-5).
-9
Let x(c) = 45*c**3 - c + 2. Give x(1).
46
Let w(v) = -2*v**2 + 38*v - 166. Calculate w(7).
2
Let p(i) = -10*i + 9. Give p(-2).
29
Let c(i) = -4*i**3 + i**2 + i + 1. Determine c(-1).
5
Let t(n) = -n**2 - 5*n + 10. Determine t(-6).
4
Let p(g) = g**2 - 25*g - 13. Determine p(25).
-13
Let b(y) = y**3 - 8*y**2 + 5*y - 25. Give b(8).
15
Let w(g) = -7*g - 113. What is w(-14)?
-15
Let r(q) = -2*q**2 + 15*q - 1. What is r(5)?
24
Let x(s) = -s**2 + 34*s - 122. Give x(30).
-2
Let s(u) = u**3 + 4*u**2 + 4*u - 1. What is s(-3)?
-4
Let h(m) = -m**2 - 11*m - 11. Calculate h(-5).
19
Let a(s) = s**3 + 13*s**2 - 14*s + 12. Calculate a(-14).
12
Let y(l) = l**2 + 6*l + 9. Give y(-2).
1
Let y(a) = -a**3 + 10*a**2 - a - 3. What is y(10)?
-13
Let r(b) = -b**3 - 2*b**2 + 3*b + 1. Determine r(2).
-9
Let n(s) = -14*s**2 + 168*s + 7. Determine n(12).
7
Let d(z) = z**3 + 4*z**2 + 2*z - 1. Calculate d(-4).
-9
Let c(k) = k**2 + 6*k + 4. Determine c(-5).
-1
Let a(l) = -4*l + 7. What is a(6)?
-17
Let r(s) = -s**3 + 35*s**2 - 67*s + 26. What is r(33)?
-7
Let b(j) = j**2 + 7*j + 7. What is b(-8)?
15
Let a(h) = -8*h - 124. Calculate a(-21).
44
Let b(q) = -q**3 + 13*q**2 + 13*q - 3. Determine b(14).
-17
Let l(p) = -2*p + 2. Determine l(-8).
18
Let n(y) = -y - 6. Calculate n(-4).
-2
Let n(v) = -2*v**2 - 7*v + 18. Calculate n(3).
-21
Let x(d) = -d**2 + 5*d - 7. What is x(8)?
-31
Let x(b) = -b**3 - 11*b**2 + 11*b - 11. Calculate x(-12).
1
Let q(u) = 32*u + 5. Determine q(-1).
-27
Let t(c) = 3*c + 21. Give t(-8).
-3
Let z(a) = 4*a**2 - 3*a. Determine z(2).
10
Let p(c) = -3*c. Determine p(-11).
33
Let l(g) = g**2 + 6*g - 5. Determine l(-5).
-10
Let q(d) = d**3 + 13*d**2 + 12*d + 5. Calculate q(-12).
5
Let q(a) = a**3 + 10*a**2 - 5*a - 45. Give q(-10).
5
Let u(j) = j**3 - 2*j - 3. Determine u(0).
-3
Let d(g) = -g**3 - 10*g**2 - 10*g - 8. Determine d(-9).
1
Let x(k) = -23*k + 133. What is x(6)?
-5
Let d(h) = 4*h - 50. Give d(14).
6
Let s(g) = 2*g**2 - 2*g + 3. What is s(3)?
15
Let o(n) = -6*n + 2. Calculate o(-4).
26
Let t(k) = 2*k**3 - 16*k**2 + 13*k + 9. Determine t(7).
2
Let i(k) = k**3 + 8*k**2 - 21*k - 30. What is i(-10)?
-20
Let w(c) = -51*c + 108. Determine w(2).
6
Let v(y) = 4*y - 166. Determine v(40).
-6
Let x(z) = z**3 + 13*z**2 + 2. Give x(-13).
2
Let a(d) = d**2 - 17*d + 59. Calculate a(6).
-7
Let g(n) = n + 8. What is g(-12)?
-4
Let u(a) = -18*a - 665. Calculate u(-37).
1
Let r(b) = -6*b**2 + 5*b - 6. Determine r(1).
-7
Let n(f) = 2*f**2 - 7*f + 3. Determine n(5).
18
Let x(m) = 38*m - 1. Determine x(-1).
-39
Let s(h) = 14*h + 8. Calculate s(3).
50
Let f(j) = -2*j**2 + 16*j - 13. Determine f(9).
-31
Let q(v) = -18*v**2 - 4. Determine q(2).
-76
Let j(y) = -y**3 - 7*y**2 - 8*y - 5. What is j(-5)?
-15
Let c(b) = b**2 + 2*b + 101. Determine c(0).
101
Let y(d) = -138*d + 3. Calculate y(-1).
141
Let b(m) = -m**3 - 8*m**2 - 17*m - 38. What is b(-6)?
-8
Let g(d) = 3*d**2 + 23*d - 22. Calculate g(-11).
88
Let a(s) = 3*s + 31. Give a(-12).
-5
Let z(g) = 3*g**3 + 30*g**2 - g - 5. Calculate z(-10).
5
Let x(a) = a + 5. Calculate x(-4).
1
Let i(s) = 2*s**3 + 8*s**2 - 5*s - 57. Give i(-4).
-37
Let f(y) = y**2 - 3*y - 18. What is f(7)?
10
Let o(y) = y**3 - y**2 - y - 2. What is o(2)?
0
Let r(d) = -d - 46. Calculate r(17).
-63
Let a(c) = -c**3 + 18*c**2 - 22*c + 27. Give a(17).
-58
Let l(p) = -3*p**3 + p**2 - p - 2. What is l(-2)?
28
Let s(f) = 2*f**2 + 6*f - 3. Give s(-6).
33
Let m(z) = -2*z**2 + 11*z - 14. Determine m(6).
-20
Let a(d) = -d**3 - 5*d**2 - d - 3. Calculate a(-5).
2
Let m(t) = 2*t**2 + 6*t - 11. What is m(7)?
129
Let h(z) = -z**3 + 5*z**2 + 6*z - 4. Determine h(6).
-4
Let c(s) = s**2 - 13*s - 2. Give c(13).
-2
Let k(v) = v**3 - v**2 + v - 16. Give k(0).
-16
Let r(s) = s - 4. Calculate r(-7).
-11
Let o(w) = -w**3 - 35*w**2 + 113*w - 23. Calculate o(-38).
15
Let z(h) = h - 32. What is z(24)?
-8
Let v(j) = -j**2 - 9*j + 10. Give v(-10).
0
Let h(t) = t - 3. Give h(6).
3
Let w(g) = g**3 + 9*g**2 - g - 7. Give w(-9).
2
Let m(f) = f**3 - 5*f**2 - 9*f + 21. Give m(6).
3
Let z(i) = -i**2 + 41*i - 68. Give z(39).
10
Let f(g) = g**3 + 12*g**2 + 19*g - 18. Give f(-10).
-8
Let z(w) = w**3 + 6*w**2 + 8*w. Determine z(-3).
3
Let n(k) = 33*k**3 + 2*k**2 + 3*k + 1. What is n(-1)?
-33
Let r(m) = 9*m + 65. Calculate r(-7).
2
Let l(d) = d**3 - 2*d**2 - 3*d - 4. Give l(3).
-4
Let d(y) = 3*y**3 + 32*y**2 - 11*y + 1. What is d(-11)?
1
Let j(h) = 7*h + 104. What is j(-15)?
-1
Let c(z) = 14*z - 80. Give c(6).
4
Let j(q) = -q**2 + 17*q - 52. What is j(4)?
0
Let g(p) = 4*p**2 + 9*p + 17. Determine g(-5).
72
Let w(l) = -2*l - 41. Determine w(0).
-41
Let z(n) = 69*n + 548. Calculate z(-8).
-4
Let f(s) = 12*s - 5. Give f(-7).
-89
Let r(m) = -2*m**2 + 45*m + 25. Give r(23).
2
Let s(f) = -f - 7. Calculate s(-5).
-2
Let v(x) = x**2 - 2*x + 1. Calculate v(3).
4
Let d(r) = -9*r - 308. Give d(-36).
16
Let y(w) = 11*w - 3. Calculate y(-3).
-36
Let h(n) = 3*n**2 + 2. What is h(2)?
14
Let f(m) = m**3 - 8*m**2 + 19*m - 19. Calculate f(5).
1
Let l(x) = -x + 20. Determine l(10).
10
Let k(j) = 4*j**2 - 69*j + 73. Calculate k(16).
-7
Let d(w) = 3*w**2 + 34*w + 60. Calculate d(-9).
-3
Let c(n) = -9*n - 471. Calculate c(-52).
-3
Let b(g) = g**3 - 26*g**2 - 27*g + 19. Determine b(27).
19
Let v(f) = 2*f**2 + 30*f - 77. Calculate v(-17).
-9
Let b(s) = -s**3 + 6*s**2 - 4*s + 7. Calculate b(4).
23
Let b(k) = k**2 - 3*k - 15. Determine b(6).
3
Let u(a) = -a + 8. What is u(12)?
-4
Let y(j) = -8*j + 30. Determine y(2).
14
Let r(m) = m**3 + 5*m**2 + m + 13. Give r(-5).
8
Let y(k) = -11*k + 258. Calculate y(23).
5
Let q(n) = 2*n**2 + 35*n - 20. Determine q(-18).
-2
Let w(f) = 2*f**2 + 10*f - 20. Determine w(-9).
52
Let p(j) = j**2 + 2*j - 12. Determine p(3).
3
Let q(c) = -2*c**2 - 17*c - 20. Calculate q(-8).
-12
Let c(n) = -n**3 - 13*n**2 + 3*n + 17. Calculate c(-13).
-22
Let a(r) = -2*r**2 + 26*r - 28. Give a(12).
-4
Let u(q) = -q**2 + 19*q - 21. What is u(18)?
-3
Let a(r) = -r**2 + 19*r + 177. What is a(26)?
-5
Let h(c) = c**3 + 7*c**2 + 8*c + 14. Determine h(-6).
2
Let k(m) = -49*m - 1704. Give k(-35).
11
Let p(b) = -3*b - 95. What is p(-34)?
7
Let y(k) = 38*k - 493. Determine y(13).
1
Let t(g) = -18*g**2 - 251*g + 15. Calculate t(-14).
1
Let a(l) = l**3 - 7*l**2 - 64*l + 451. What is a(7)?
3
Let c(y) = -16*y + 99. Give c(0).
99
Let j(s) = 3*s - 20. Determine j(4).
-8
Let n(p) = 2*p**3 - 4*p**2 - 7*p + 9. Determine n(3).
6
Let r(t) = -t**2 - 6*t + 28. Give r(-7).
21
Let m(f) = 2*f**2 - 20*f + 34. Calculate m(8).
2
Let h(t) = -t**2 - 8*t - 9. Determine h(-5).
6
Let b(r) = r - 10. What is b(6)?
-4
Let h(k) = -k**3 + 13*k**2 - 19*k - 30. Calculate h(11).
3
Let y(m) = -m**3 + 5*m**2 + 9*m - 7. Give y(6).
11
Let d(v) = v**3 - 4*v**2 - 7*v + 5. Give d(4).
-23
Let d(p) = -p**2 - 29*p - 80. Give d(-26).
-2
Let t(l) = 78*l - 168. Calculate t(2).
-12
Let z(b) = b**2 + 6*b - 3. Calculate z(-5).
-8
Let w(t) = -2*t**3 - 10*t**2 - t - 1. Determine w(-5).
4
Let s(y) = y + 14. What is s(-10)?
4
Let a(k) = 5*k**2 - 4*k - 2. Calculate a(-3).
55
Let h(p) = -8*p + 14. What is h(2)?
-2
Let t(v) = 5*v**2 + 2*v - 1. Calculate t(2).
23
Let c(x) = -x**2 - 18*x + 4. Calculate c(-9).
85
Let i(k) = -k**3 - 11*k**2 - 9*k + 16. Give i(-10).
6
Let j(q) = 64*q - 8. Determine j(